 divisor of 124 and d?
31
Suppose 2*o + 0*o - 4 = 0. Suppose 0 = -3*y - o*j + 36, 2*y = -2*y + j + 59. Let r = y + -8. What is the greatest common divisor of 48 and r?
6
Let s(d) = -11*d**2 + 6*d - 5. Let a(q) = 11*q**2 - 5*q + 4. Let v(k) = 6*a(k) + 5*s(k). Let m be v(-1). What is the highest common factor of 10 and m?
10
Suppose -3*g + 0*g + 11 = 2*a, 0 = 2*a + 10. Calculate the greatest common divisor of 49 and g.
7
Suppose 11 = 2*y - 29. Calculate the highest common factor of y and 30.
10
Let h = 175 + -40. What is the greatest common factor of 15 and h?
15
Let c = 154 + -82. Calculate the greatest common factor of 9 and c.
9
Suppose -s - 543 = -4*l, 0 = 2*l - 7*l + s + 678. What is the greatest common divisor of l and 54?
27
Suppose 0 = 2*h - 3*h - h. Let u = 12 + 43. Suppose y + h*p - 55 = -p, -p - u = -y. Calculate the greatest common divisor of 5 and y.
5
Let f be 132/21 - 12/42. Suppose -f = -n + 12. Let y(g) = 3*g**2 + 8*g - 6. Let k be y(-6). Calculate the greatest common divisor of n and k.
18
Let n(j) = j**3 + j**2 - 2*j. Let v be n(2). Let y = 57 - 49. What is the greatest common divisor of y and v?
8
Let a(v) = -v**3 + 5*v**2 - v - 3. Let c be 4 - 2/(-4)*0. Let u be a(c). Let b = 149 + -140. Calculate the greatest common factor of b and u.
9
Let b(s) = -7*s**2 - 4*s**2 - 1 - 3*s**2 + s. Let t be b(1). Let p be (t/(-8))/(1/8). What is the highest common factor of p and 35?
7
Suppose 0 = 3*x - 109 - 8. Suppose 2*i = x - 15. Let y be 6*2*81/i. What is the highest common divisor of y and 9?
9
Let b(c) = -c - 1. Let x be b(-5). Suppose 2*r = x*r - 264. Calculate the greatest common factor of 12 and r.
12
Let g = -54 - -164. Calculate the greatest common divisor of 10 and g.
10
Suppose -5*y - 21 = -2*x, -3*y - 1 = x + 16. Let w be (5 + x)/(6/160). What is the highest common divisor of 20 and w?
20
Suppose -5*g + 247 = 3*x, 4*x + 0*x = -g + 46. Calculate the greatest common factor of g and 10.
10
Let s(k) = -2*k**3 + 6*k + 6. Let w = 2 + -6. Let q be s(w). Calculate the highest common factor of 10 and q.
10
Suppose -5*d - 2 = -227. Calculate the greatest common factor of d and 10.
5
Suppose 0 = 6*m - 7*m + 66. Suppose -x - x = -m. What is the greatest common divisor of 11 and x?
11
Let f be ((-12)/(-10))/(3/90). Suppose o + 3*o - 96 = 0. What is the greatest common divisor of o and f?
12
Let f = 93 - 39. Suppose 0*p + 2*p - 3*k = 12, 5*p + 5*k = -20. Suppose c - 4*i - 28 = p, 5*c - i = -0*i + 178. Calculate the greatest common factor of c and f.
18
Let h(l) = -5*l + 9. Let k be h(-9). Suppose -3*z + 0*z + 30 = 0. Suppose -5*d + z = 5*g, -3*g + 0*d + 14 = d. Calculate the highest common factor of k and g.
6
Suppose 2*z = -0*z - 10, 2*w - 37 = 5*z. Calculate the highest common factor of w and 66.
6
Suppose 8 = 4*n - 8. Suppose h + h = 5*y + 4, 4*y = -2*h + n. What is the highest common divisor of h and 2?
2
Let c(g) = -g + 6. Let p be c(6). Suppose 2*n - 4 = p, 0 = 5*r - n - 4 - 19. Suppose 3*o = r*o - 40. Calculate the highest common factor of 40 and o.
20
Suppose -8 = -0*r - 2*r. Calculate the greatest common factor of 20 and r.
4
Suppose -2*k = -k. Let m = 10 + -8. Suppose 0 = y - 5*s - 34, 5*s = m*y - k*s - 43. Calculate the greatest common factor of y and 3.
3
Suppose -2*d - 3*d + 600 = 0. Let k = 8 + 50. Let t = -38 + k. Calculate the highest common divisor of d and t.
20
Let h = 153 - 71. Let x = 111 + -71. Let d = h - x. What is the highest common divisor of d and 6?
6
Let m = 23 - 34. Let z be 8 - m - (5 + -1). What is the greatest common divisor of z and 15?
15
Suppose -3*h + 3*k + 2*k + 80 = 0, -5 = 5*k. What is the highest common factor of h and 10?
5
Suppose 0 = 3*c + 2*v - 1, 3*v - 6*v + 3 = 5*c. Calculate the highest common factor of c and 15.
3
Let a be -510*(-1 - (-12)/20). Calculate the highest common divisor of 17 and a.
17
Let o(q) = -2*q**2 + 28*q + 36. Let f be o(15). What is the highest common factor of f and 114?
6
Suppose -u + 8 = 3. Calculate the greatest common divisor of 20 and u.
5
Let l = 11 + -20. Let c = 17 + l. Let t(u) = -u**3 - 5*u**2 + 3*u - 2. Let n be t(-6). What is the greatest common factor of n and c?
8
Let y = -314 - -160. Let d be y/35*5/(-2). Calculate the highest common divisor of d and 22.
11
Let v = 46 - -114. Let q = -32 - -52. What is the greatest common factor of q and v?
20
Let i(s) = 4*s**2 + 4 - 2*s**3 - 4*s - 3*s**3 + 4*s**3. Let k(x) = 3*x**3 + x - 1. Let o be k(1). Let t be i(o). What is the highest common divisor of t and 9?
1
Suppose p - 2*p + 136 = 0. Let n = 1 + 8. Let c = n + 8. What is the greatest common factor of c and p?
17
Suppose 2*q - 24 = -8. Suppose -3*d - c - 5 = 3*c, d = 3*c + 7. Let f be (8/10)/(d/25). What is the greatest common divisor of q and f?
4
Suppose 5*u + 11 - 1 = 0. Let d be (-4 + 15)/(u/(-14)). What is the greatest common divisor of d and 7?
7
Suppose -2*s + 5 = 1. Suppose w + 7 = -s*m + 60, 0 = -5*w - 15. Let n = -16 + m. Calculate the greatest common factor of 96 and n.
12
Suppose 3*f + 2*g - 33 - 5 = 0, 3*f = 2*g + 22. Let v = -4 - -8. Let n(m) = -m**2 + 4*m + 2. Let j be n(v). What is the greatest common divisor of j and f?
2
Let p(y) = 2*y**2 + y - 2. Let r be p(-2). Let v = r - 3. Let q be v/((-1)/2) - -14. What is the highest common divisor of 48 and q?
12
Suppose 2*y + q + 30 = -13, 5*q - 65 = 4*y. Let f(k) = -k - 12. Let h be f(-10). Let c be (y/6)/(h/54). What is the highest common divisor of c and 10?
10
Let g be 0 + 1*(1 - 0). Let k be (-3 + 2)/(1/1). Let s be (2 + k)*(3 + -2). Calculate the highest common divisor of g and s.
1
Suppose 18 = -3*y + 4*y. Suppose -2*k - 32 = -6*k + 2*x, 4*k - y = -5*x. Calculate the highest common factor of k and 56.
7
Suppose 6*f + 16 = 8*f. What is the greatest common divisor of f and 24?
8
Let d(r) = 11*r + 4. Let q be d(2). What is the highest common factor of 13 and q?
13
Suppose 15*p - 13*p - 32 = 0. Calculate the highest common factor of 176 and p.
16
Let a be 177/(-9) - (-2)/3. Suppose 6*k - 3*k = -y + 96, 4*k = 4*y + 112. Let d = a + k. Calculate the greatest common factor of 2 and d.
2
Let i = -16 - -26. Let v be 1 + (-2 - -12) + -1. Let b be v/3 + 6/9. What is the greatest common factor of b and i?
2
Let u = 2 + -8. Let c(x) = x**3 - 2*x**2 + x - 2. Let f be c(2). Let r = f - u. What is the highest common factor of 2 and r?
2
Let h = -3 + 15. Calculate the greatest common factor of 8 and h.
4
Let y = 22 - 2. Suppose i + 2*i = 4*r - 640, -2*r - 2*i = -320. Calculate the highest common divisor of r and y.
20
Suppose 0 = -2*m - q - 3*q + 8, 5*q - 10 = m. Let i = 7 - m. What is the highest common factor of i and 49?
7
Let u(i) = -i + 15. Let m be u(14). Let z be (10 - 3)*m + 3. What is the highest common factor of z and 100?
10
Suppose 42 = 32*n - 31*n. What is the greatest common divisor of n and 105?
21
Let w be 3/(-6) - 58/4. Let y = w - -9. Let r = 13 + y. What is the highest common factor of r and 63?
7
Suppose 2*a + 3*a = 4*c + 130, 0 = 4*a + 3*c - 135. Calculate the greatest common divisor of a and 15.
15
Suppose -2*m + 2*f - 558 = -4*m, -4*f = -3*m + 837. Calculate the greatest common factor of 9 and m.
9
Suppose k + 15 = 4*l, 2*k + 3*l = 5 + 9. Let z be (k + 23)/(9/18). Calculate the greatest common factor of 32 and z.
16
Let a(u) = -u**2 - 6*u + 3. Let c be a(-6). Suppose c*y + 40 = 8*y. Calculate the highest common divisor of 1 and y.
1
Suppose -5*r + 0*r + 100 = 0. Calculate the highest common divisor of 220 and r.
20
Suppose g = 4*g - 27. Let l = -4 + 4. Suppose -4*w - 2*n + 152 = l, 3*w + 7*n - 4*n - 120 = 0. What is the greatest common divisor of g and w?
9
Let s(n) be the first derivative of -n**3/3 + 4*n**2 + 9*n - 1. Let t be s(7). Calculate the highest common factor of t and 16.
16
Let y be ((-228)/133)/((-1)/7). Calculate the greatest common factor of y and 84.
12
Let g be (4/(-6))/((-1)/36). Let c = -15 + g. Calculate the highest common divisor of 9 and c.
9
Let j = -91 - -148. Let l be 133/2*4/7. What is the greatest common divisor of l and j?
19
Let y be (16*-1)/(1 - 2). Let a(z) = -z - 8. Let i be a(-6). Let r be -48*i/((-8)/(-2)). Calculate the greatest common factor of y and r.
8
Let v be (20/3)/((-6)/(-99)). What is the highest common factor of v and 44?
22
Suppose 0 = 2*b 